 Suppose 10002 = -c*k + 43248. Is k a prime number?
True
Suppose o = -5*q + 4, -3*o - 8 = -4*q + o. Suppose -6 = c - 4*h, -5*c + 3*h + q = 14. Is c*(-63 + 4) - 3 composite?
True
Suppose 5*n + 8 = 4398. Is n/20*(-17 - -27) composite?
False
Let q be (155 - -2)*27/(-3). Let x = q - -2022. Suppose 5*u - x - 1916 = 0. Is u composite?
True
Suppose c = -5*b - 18, -c = 2*c - 3*b - 18. Suppose 3*v - c*q - 81 = 3*q, 3 = q. Suppose v*t - 2668 = 28*t. Is t a prime number?
False
Let f(a) = -a + 1. Let y(h) = -752*h + 146. Let t(i) = -3*f(i) + y(i). Is t(-19) a composite number?
True
Let n(w) = 98787*w - 698. Is n(3) prime?
True
Let s be 315/99 + (-2)/11. Is (4911/s)/(-13 - -14) composite?
False
Suppose b + b + 4 = 0. Let a be (4/(-15)*123)/(b/15). Suppose -2*k = -46 - a. Is k a composite number?
True
Let b = -18741 + 9956. Let p = 954 - b. Is p a prime number?
True
Suppose 22*m - 791372 = 328560. Is m a composite number?
True
Let l = -44 + 56. Is l + 462 + (-5)/1 composite?
True
Suppose 0 = 2*w - w - 5*b - 30, 5*w + 2*b = 96. Suppose -2*v + w = -7*v, -4*v - 20 = -2*t. Suppose t*j + 2*s = 3*s + 291, 0 = -4*j + 4*s + 584. Is j prime?
False
Suppose 9*r = 26239 + 529817. Suppose 67*t = 59*t + r. Is t composite?
False
Let k = 0 + 2. Suppose -37448 = -k*y - 2*y. Let l = -5991 + y. Is l a prime number?
True
Let r be (10*(-36)/(-960))/((-1)/(-8)). Suppose r*u - 86816 = -y, -2*y + 222835 - 49236 = -5*u. Is y a composite number?
True
Suppose 0 = -2*y, -3*b + 4*b - 1871 = 3*y. Let u = -904 + b. Is u composite?
False
Suppose -12*j - 165704 = -1281788. Is j a composite number?
True
Let o = 32023 - -944. Suppose -o = -5*w - 8662. Is w a prime number?
True
Let h = 95683 + 20296. Is h composite?
False
Let u = -2092456 - -3235713. Is u a prime number?
True
Let r = -48609 - -85638. Is r a composite number?
True
Suppose 3 + 7 = -2*r, 3*r = -a + 72737. Suppose -8*k - a = -24*k. Is k a composite number?
False
Suppose -1 = -b - 4, -11441 = -s + 2*b. Is s a prime number?
False
Suppose q - 24 = -23. Let w(r) = 10820*r**3 + r**2 + 3*r - 3. Is w(q) composite?
True
Let f(q) = 10*q**2 + 2*q - 5. Let v be f(-4). Suppose 8*s - 4 = 2*p + 10*s, -2*s = -5*p - 3. Is -2 + 4 - 0 - v/p a composite number?
False
Suppose 20*m - 24*m + 20 = 0. Suppose j + m + 6 = 4*b, 4*j - 5*b - 11 = 0. Is 11 - j - -2411*1 composite?
True
Let w(j) = 16*j**2 + 1059*j - 38. Is w(-75) a prime number?
False
Let d = 10140 + 38039. Is d prime?
True
Let z be 5/(-6 - 55468/(-9244)). Suppose 0 = 2*t + 441 - z. Is t composite?
False
Let j(z) = 4230*z - 157. Is j(5) a composite number?
True
Is (10/(-4))/((-38573180)/2571544 - -15) a composite number?
False
Let x(u) = -4*u + 31. Let q be x(22). Let h = q + 59. Let w(y) = 529*y + 3. Is w(h) a composite number?
False
Suppose 163 = 13*b + 111. Let s = -4490 + 8950. Suppose -5*z - 2*a + 4447 + 1134 = 0, s = 4*z + b*a. Is z a composite number?
False
Let r(o) = -40*o. Let v be r(1). Let w be ((-10)/(-4))/((-20)/v). Suppose 0 = -5*t - 3 + 8, 628 = 3*z - w*t. Is z composite?
False
Let k(g) = -281*g + 1. Let f be k(-1). Let a = f + -19. Is a a prime number?
True
Let s = -383 - -385. Is (s + (-3330)/4)/(1/(-2)) prime?
False
Let u be (0 + 0)/(-10 + 13). Suppose 4112 = -4*d - u*d. Let p = -511 - d. Is p composite?
True
Let j(a) = -3*a**3 - 34*a**2 + 23*a + 26. Let t(n) = n**3 + 17*n**2 - 11*n - 13. Let k(f) = 2*j(f) + 5*t(f). Suppose 9 = 3*m - 33. Is k(m) a composite number?
False
Let k be (2 + -1)*(-1 - 186/(-6)). Suppose -3*x + 27 = k. Is x/6 - (-344925)/162 prime?
True
Let i = 280966 + 149817. Is i a prime number?
True
Let g(a) = -60*a**3 - 3*a**2 + 61*a + 529. Is g(-9) a prime number?
False
Let h = -105 + 14. Let l = -57 - h. Is l composite?
True
Suppose 2059*i + 51149 = 2066*i. Is i a composite number?
False
Suppose 466 = -j - 4*g + 2219, -j = -g - 1738. Is j prime?
True
Let i = 118440 + -30721. Is i prime?
True
Let n(g) = 2*g**3 + 17*g**2 + 7*g - 9. Let o be n(-8). Is (488 - 16) + o*5 prime?
True
Let u(h) = -h**2 + 2*h + 1. Let x(t) = -2*t**2 - 12*t - 27. Let b(z) = -3*u(z) - x(z). Suppose 4*a = 3*a - 13. Is b(a) composite?
True
Suppose -25*j - 31*j = -21359 - 621017. Is j prime?
True
Is (-295608588)/(-228) - (-8)/76 a prime number?
False
Let q(b) = -b**2 - 32*b + 193. Let k be q(-37). Let s = -2 + 5. Suppose -k*j = -s*j - 1685. Is j a composite number?
False
Let v(w) = -15*w + 19. Let z(t) = 59*t - 76. Let k(x) = 9*v(x) + 2*z(x). Let y(f) = -f. Let l(o) = k(o) + 3*y(o). Is l(-6) composite?
False
Let w be 4/3 + (140/15)/14. Suppose -1164 - 1812 = -4*p + 5*t, w*p + t = 1474. Is p a prime number?
True
Suppose 0 = -15*y + 21156 + 7164. Suppose -2*u + 5*z = -u - 656, y = 3*u + z. Is u a prime number?
True
Let d(b) = -64*b**2 - b - 2. Let x be d(-1). Let t = x + 64. Is t*3466/(-4)*2 a prime number?
True
Suppose -325*d + 342*d - 5196509 = 0. Is d prime?
False
Let g(o) = -479*o + 2. Suppose 0 = 17*v - 12*v - 15. Suppose v*d + 6 = 3. Is g(d) a composite number?
True
Suppose 117*x - 106*x = 184085. Is x/3 + (-52)/(-78) composite?
True
Suppose -2*z + 24706 = -3*f, -z - 2*f + 7*f + 12360 = 0. Let h be 340/((-2 - -9)/84). Suppose -5*i = -5*r - z + h, 0 = 4*i + r - 6631. Is i a composite number?
False
Let s(o) = 537*o**2 - o - 1. Let u(n) be the third derivative of n**5/60 + n**4/4 - 17*n**3/6 - 29*n**2. Let q be u(-8). Is s(q) a composite number?
True
Is 335999*3/(63/21) a prime number?
True
Let i = -328 - -333. Suppose 4850 + 1245 = i*h. Is h a composite number?
True
Suppose 4*s - 170564 = -5*b + 192489, 0 = 6*s + 18. Is b composite?
False
Let b = -2287 + 39710. Let d = b - 24360. Is d a composite number?
False
Let x(q) = 31*q**2 - 110*q - 4*q**3 - q**2 + 45 + 107*q + 3*q**3. Let b(d) = -19*d + 1. Let f be b(-1). Is x(f) a composite number?
True
Let v = 92 - 231. Let o = v + 136. Is (o*1192/48)/((-2)/12) composite?
True
Let l = 43 - 43. Let h be (-1)/(l - (-4)/(-1252)). Let b = 686 - h. Is b composite?
False
Suppose k = 0, 5*k = -9*x + 7*x + 4. Is 1/x*(3 + 1951) composite?
False
Is (-127)/(6 + (-41975)/6995) a composite number?
True
Let w = 251924 - -6109. Is w composite?
True
Suppose 187*b = 190*b - 7206. Let s = b + -1498. Suppose 4*t - 3*t - 914 = z, s = t - 3*z. Is t prime?
True
Suppose 15*d - 58677 = 12*d. Is d composite?
False
Let s be 451325/70*4/5. Let q = s + 6849. Is q composite?
False
Let j = -1719 + 2444. Let w = 3487 - j. Is w prime?
False
Is 74/3*168759/102 prime?
False
Is 399326*3/6 - (-12 + 18) a composite number?
False
Let m(u) = -u**3 + 42*u**2 - 26*u + 205. Is m(28) prime?
True
Suppose 79*d - 17304675 = 58159522. Is d a composite number?
False
Let j = -60 + 59. Is -1191*j*6/18 composite?
False
Suppose -3*a + 8*a + 505 = 0. Suppose 63*i = 67*i + w + 1135, -2*i - w = 567. Let h = a - i. Is h a composite number?
True
Suppose -4*f - 5*s = 31 - 24, -3 = 3*f + 3*s. Is (4 - f)*((-324)/(-8) - 1) a prime number?
True
Let x = 24 - 36. Let v(i) = -i**2 - 15*i - 15. Let q be v(x). Is 6/q + (-7091)/(-49) prime?
False
Suppose 13*t + 257693 = 1092124. Is t composite?
False
Let j be -185*(-15)/(-25)*1. Let o = j - -322. Is o a prime number?
True
Suppose 0 = -2*f - 6*k + 8*k + 10, 4*f + 3*k + 1 = 0. Suppose f*o + 4*g = 68334, 0 = -4*o - 36*g + 41*g + 136655. Is o composite?
True
Let x(v) = 306*v**2 + 4*v + 2523. Is x(-53) a composite number?
True
Let m be 25/30 - (-2 + (-681)/(-18)). Is -3 + 48042/21 + (-10)/m a prime number?
False
Is (42/(-49))/(3/(-14)) + 59193 a composite number?
False
Let l = 318 + -318. Suppose l*d + 87740 = 20*d. Is d a prime number?
False
Let i(y) = -15*y + 156*y**2 + 16*y - 6*y + 9 + 20*y + 17*y. Is i(11) composite?
False
Is 67184/10 + 80/(-200) composite?
True
Let s be -1*((-2)/(-7) + (-1192)/56). Suppose 13 = 22*g - s*g. Is g a composite number?
False
Is (-28)/12 - (-5)/(150/480460) a prime number?
False
Suppose 4 = -4*c - 4. Let a(f) = -f**3 + 2*f + 2. Let j be a(c). Suppose 0 = j*x - 79 - 71. Is x a prime number?
False
Let b = -182 + 196. Is 6883 + 6*b/(-21) a composite number?
True
Let r be 5*4/30 + 4/(-6). Suppose r = -5*s - 8 + 38. Is (-9)/(-6) + 921/s prime?
False
Let v = 2172 + -1088. Let u = 2485 - v. Suppose -7*s + u - 106 = 0. Is s a composite number?
True
Let l be 1/(6/2) - (-10)/15. Is (-2 - (-8474 + 6)) + l prime?
True
Suppose u = -j + 90087, 